{"id":2055,"date":"2022-07-26T12:47:36","date_gmt":"2022-07-26T11:47:36","guid":{"rendered":"http:\/\/novedivadlomelnik.com\/?page_id=2055"},"modified":"2024-06-24T16:20:19","modified_gmt":"2024-06-24T15:20:19","slug":"miladcina-hra","status":"publish","type":"page","link":"http:\/\/novedivadlomelnik.com\/?page_id=2055","title":{"rendered":"Tajemstv\u00ed z\u00e1mku Schei\u00dfburg\u016f"},"content":{"rendered":"\n<figure class=\"wp-block-image alignright size-large is-resized\"><a href=\"http:\/\/novedivadlomelnik.com\/wp-content\/uploads\/2022\/07\/miladcina_hra.png\"><img decoding=\"async\" loading=\"lazy\" src=\"http:\/\/novedivadlomelnik.com\/wp-content\/uploads\/2022\/07\/miladcina_hra-1024x530.png\" alt=\"\" class=\"wp-image-2056\" width=\"510\" height=\"263\" srcset=\"http:\/\/novedivadlomelnik.com\/wp-content\/uploads\/2022\/07\/miladcina_hra-1024x530.png 1024w, http:\/\/novedivadlomelnik.com\/wp-content\/uploads\/2022\/07\/miladcina_hra-300x155.png 300w, http:\/\/novedivadlomelnik.com\/wp-content\/uploads\/2022\/07\/miladcina_hra-768x397.png 768w, http:\/\/novedivadlomelnik.com\/wp-content\/uploads\/2022\/07\/miladcina_hra-1536x794.png 1536w, http:\/\/novedivadlomelnik.com\/wp-content\/uploads\/2022\/07\/miladcina_hra.png 1808w\" sizes=\"(max-width: 510px) 100vw, 510px\" \/><\/a><\/figure>\n\n\n\n<p class=\"has-text-align-right\">Re\u017eie: <strong>Martin Ben\u00ed\u0161ek<\/strong><\/p>\n\n\n\n<p class=\"has-text-align-right\">Autor hudby a textu: <strong>Radek \u0160langal<\/strong><\/p>\n\n\n\n<p class=\"has-text-align-right\">Choreografie: <strong>Ad\u00e9la L\u00edbalov\u00e1<\/strong><\/p>\n\n\n\n<p class=\"has-text-align-right\">Kost\u00fdmy: <strong>Milada Hlu\u0161t\u00edkov\u00e1<\/strong><\/p>\n\n\n\n<p class=\"has-text-align-right\">Sc\u00e9na: <strong>Ivan Neubauer<\/strong><\/p>\n\n\n\n<p class=\"has-text-align-right\">Zvuk: <strong>Jaroslav Mat\u011bjka<\/strong><\/p>\n\n\n\n<hr class=\"wp-block-separator has-alpha-channel-opacity\"\/>\n\n\n\n<p class=\"has-text-align-center has-vivid-red-color has-text-color\" style=\"font-size:16px\">Premi\u00e9ra:&nbsp;<strong>15. listopadu 2022<\/strong><\/p>\n\n\n\n<hr class=\"wp-block-separator has-alpha-channel-opacity\"\/>\n\n\n\n<p class=\"has-text-align-center\" style=\"font-size:18px\"><em>Autorsk\u00e1 hra<\/em><\/p>\n\n\n\n<hr class=\"wp-block-separator has-alpha-channel-opacity\"\/>\n\n\n\n<h2 class=\"has-text-align-center\">O h\u0159e<\/h2>\n\n\n<h4 style=\"text-align: center;\"><span style=\"color: #ff9900;\"><em>Trochu zt\u0159e\u0161t\u011bn\u00e1 komedie s\u00a0n\u011bkolika z\u00e1drhely je na\u0161e nov\u00e1 divadeln\u00ed\u00a0<\/em><em>Tajemstv\u00ed z\u00e1mku Schei\u00dfburg\u016f.<\/em><\/span><\/h4>\n<h4 style=\"text-align: center;\"><span style=\"color: #ff9900;\"><em>Urozen\u00e1 \u0161lechtick\u00e1 rodina Schei\u03b2burg\u016f je pot\u011b\u0161ena nenad\u00e1lou n\u00e1v\u0161t\u011bvou sv\u00fdch dvou mlad\u00fdch vzd\u00e1len\u00fdch p\u0159\u00edbuzn\u00fdch, ale i kdy\u017e vypad\u00e1 v\u0161e na prvn\u00ed pohled skv\u011ble, je tomu skute\u010dn\u011b tak?<\/em><\/span><\/h4>\n\n\n<hr class=\"wp-block-separator has-alpha-channel-opacity\"\/>\n\n\n\n<h2 class=\"has-text-align-center\">Osoby a obsazen\u00ed<\/h2>\n\n\n<table style=\"height: 577px;\" width=\"895\">\n<tbody>\n<tr>\n<td width=\"302\">\n<p style=\"text-align: left;\">Jan Havli\u0161 Milo\u0148 X\u00e9nius Bartolom\u011bj von Schei\u03b2burg<\/p>\n<\/td>\n<td width=\"302\">\n<p><span style=\"color: #993300;\"><strong>Pavel Syrov\u00fd<\/strong><\/span><\/p>\n<\/td>\n<\/tr>\n<tr>\n<td width=\"302\">\n<p>Moritz Parkur Tib\u00e9rius Benzen von Schei\u03b2burg<\/p>\n<\/td>\n<td width=\"302\">\n<p><span style=\"color: #993300;\"><strong>Radek \u0160langal<\/strong><\/span><\/p>\n<\/td>\n<\/tr>\n<tr>\n<td width=\"302\">\n<p>Barunka<\/p>\n<\/td>\n<td width=\"302\">\n<p><strong><span style=\"color: #993300;\">Terezie Vr\u00e1nov\u00e1<\/span><\/strong><\/p>\n<\/td>\n<\/tr>\n<tr>\n<td width=\"302\">\n<p>Babi\u010dka<\/p>\n<\/td>\n<td width=\"302\">\n<p><strong><span style=\"color: #993300;\">Pavel Roboch<\/span><\/strong><\/p>\n<\/td>\n<\/tr>\n<tr>\n<td width=\"302\">\n<p>Mariana von Schei\u03b2burg<\/p>\n<\/td>\n<td width=\"302\">\n<p><strong><span style=\"color: #993300;\">Ad\u00e9la L\u00edbalov\u00e1<\/span><\/strong><\/p>\n<\/td>\n<\/tr>\n<tr>\n<td width=\"302\">\n<p>S\u00e1ra von Schei\u03b2burg<\/p>\n<\/td>\n<td width=\"302\">\n<p><strong><span style=\"color: #993300;\">Renata \u0160im\u00e1kov\u00e1<\/span><\/strong><\/p>\n<\/td>\n<\/tr>\n<tr>\n<td width=\"302\">\n<p>Myslivec<\/p>\n<\/td>\n<td width=\"302\">\n<p><strong><span style=\"color: #993300;\">Luk\u00e1\u0161 Nov\u00e1k\/Martin V\u00e1vra<\/span><\/strong><\/p>\n<\/td>\n<\/tr>\n<tr>\n<td width=\"302\">\n<p>Alfr\u00e9d<\/p>\n<\/td>\n<td width=\"302\">\n<p><strong><span style=\"color: #993300;\">Martin Ben\u00ed\u0161ek<\/span><\/strong><\/p>\n<\/td>\n<\/tr>\n<tr>\n<td width=\"302\">\n<p>Hrab\u011bnka von Schei\u03b2burg<\/p>\n<\/td>\n<td width=\"302\">\n<p><strong><span style=\"color: #993300;\">Milada Hlu\u0161t\u00edkov\u00e1<\/span><\/strong><\/p>\n<\/td>\n<\/tr>\n<tr>\n<td width=\"302\">\n<p>Hrab\u011b von Schei\u03b2burg<\/p>\n<\/td>\n<td width=\"302\">\n<p><strong><span style=\"color: #993300;\">Ivan Neubauer\/Laco Matl\u00e1k<\/span><\/strong><\/p>\n<\/td>\n<\/tr>\n<\/tbody>\n<\/table>\n\n\n<figure class=\"wp-block-embed is-type-video is-provider-youtube wp-block-embed-youtube wp-embed-aspect-16-9 wp-has-aspect-ratio\"><div class=\"wp-block-embed__wrapper\">\n<iframe loading=\"lazy\" title=\"\u0160T\u011aT\u00cd: Nov\u00e9 divadlo M\u011bln\u00edk p\u0159ivezlo komedii Tajemstv\u00ed z\u00e1mku Schei\u00dfburg\u016f\" width=\"500\" height=\"281\" src=\"https:\/\/www.youtube.com\/embed\/0SRRRfgA8xc?feature=oembed\" frameborder=\"0\" allow=\"accelerometer; autoplay; clipboard-write; encrypted-media; gyroscope; picture-in-picture; web-share\" referrerpolicy=\"strict-origin-when-cross-origin\" allowfullscreen><\/iframe>\n<\/div><\/figure>\n","protected":false},"excerpt":{"rendered":"<p> [&hellip;]<\/p>\n","protected":false},"author":1,"featured_media":2056,"parent":9,"menu_order":0,"comment_status":"closed","ping_status":"closed","template":"wp-custom-template-stranka","meta":{"_EventAllDay":false,"_EventTimezone":"","_EventStartDate":"","_EventEndDate":"","_EventStartDateUTC":"","_EventEndDateUTC":"","_EventShowMap":false,"_EventShowMapLink":false,"_EventURL":"","_EventCost":"","_EventCostDescription":"","_EventCurrencySymbol":"","_EventCurrencyCode":"","_EventCurrencyPosition":"","_EventDateTimeSeparator":"","_EventTimeRangeSeparator":"","_EventOrganizerID":[],"_EventVenueID":0,"_OrganizerEmail":"","_OrganizerPhone":"","_OrganizerWebsite":"","_VenueAddress":"","_VenueCity":"","_VenueCountry":"","_VenueProvince":"","_VenueZip":"","_VenuePhone":"","_VenueURL":"","_VenueStateProvince":"","_VenueLat":"","_VenueLng":""},"_links":{"self":[{"href":"http:\/\/novedivadlomelnik.com\/index.php?rest_route=\/wp\/v2\/pages\/2055"}],"collection":[{"href":"http:\/\/novedivadlomelnik.com\/index.php?rest_route=\/wp\/v2\/pages"}],"about":[{"href":"http:\/\/novedivadlomelnik.com\/index.php?rest_route=\/wp\/v2\/types\/page"}],"author":[{"embeddable":true,"href":"http:\/\/novedivadlomelnik.com\/index.php?rest_route=\/wp\/v2\/users\/1"}],"replies":[{"embeddable":true,"href":"http:\/\/novedivadlomelnik.com\/index.php?rest_route=%2Fwp%2Fv2%2Fcomments&post=2055"}],"version-history":[{"count":21,"href":"http:\/\/novedivadlomelnik.com\/index.php?rest_route=\/wp\/v2\/pages\/2055\/revisions"}],"predecessor-version":[{"id":2521,"href":"http:\/\/novedivadlomelnik.com\/index.php?rest_route=\/wp\/v2\/pages\/2055\/revisions\/2521"}],"up":[{"embeddable":true,"href":"http:\/\/novedivadlomelnik.com\/index.php?rest_route=\/wp\/v2\/pages\/9"}],"wp:featuredmedia":[{"embeddable":true,"href":"http:\/\/novedivadlomelnik.com\/index.php?rest_route=\/wp\/v2\/media\/2056"}],"wp:attachment":[{"href":"http:\/\/novedivadlomelnik.com\/index.php?rest_route=%2Fwp%2Fv2%2Fmedia&parent=2055"}],"curies":[{"name":"wp","href":"https:\/\/api.w.org\/{rel}","templated":true}]}}